{"id":404,"date":"2014-04-13T14:24:15","date_gmt":"2014-04-13T14:24:15","guid":{"rendered":"http:\/\/blog.gafu.de\/?page_id=404"},"modified":"2014-08-23T14:10:22","modified_gmt":"2014-08-23T12:10:22","slug":"impressum","status":"publish","type":"page","link":"http:\/\/blog.gafu.de\/?page_id=404","title":{"rendered":"Impressum"},"content":{"rendered":"<p>Impressum<\/p>\n<p>Verantwortlich f\u00fcr den Inhalt gem\u00e4\u00df \u00a7 5 TMG<br \/>\n<img decoding=\"async\" alt=\"Impressum\" src=\"http:\/\/blog.gafu.de\/wp-content\/impressum.jpg\" \/><\/p>\n<p>Haftung f\u00fcr Inhalte<\/p>\n<p>Die Inhalte unserer Seiten wurden mit gr\u00f6\u00dfter Sorgfalt erstellt. F\u00fcr die Richtigkeit, Vollst\u00e4ndigkeit und Aktualit\u00e4t der Inhalte kann ich jedoch keine Gew\u00e4hr \u00fcbernehmen.<br \/>\nFremde \u00fcbermittelte Inhalte, insbesondere Kommentare koennen nicht st\u00e4ndig \u00fcberpr\u00fcft werden. Sofern von rechtswiedrige Inhalten Kenntniss erlangt wird, werden diese Inhalte umgehend gel\u00f6scht.<\/p>\n<p>Haftung f\u00fcr Links<\/p>\n<p>Diese Internetseite enth\u00e4lt Links zu externen Internetseiten Dritter, auf deren Inhalte ich keinen Einfluss habe. Verlinkte Inhalte wurden zum Zeitpunkt der Verlinkung gepr\u00fcft, rechtswidrige Inhalte waren zum Zeitpunkt der Verlinkung nicht erkennbar. F\u00fcr die Inhalte der verlinkten Seiten ist stets der jeweilige Anbieter oder Betreiber der Seiten verantwortlich. <\/p>\n<p>Datenschutz<\/p>\n<p>Die Nutzung unserer Webseite ist in der Regel ohne Angabe personenbezogener Daten m\u00f6glich. Soweit auf unseren Seiten personenbezogene Daten (beispielsweise Name, Anschrift oder eMail-Adressen) erhoben werden, erfolgt dies, soweit m\u00f6glich, stets auf freiwilliger Basis. Diese Daten werden ohne Ihre ausdr\u00fcckliche Zustimmung nicht an Dritte weitergegeben.<br \/>\nWir weisen darauf hin, dass die Daten\u00fcbertragung im Internet (z.B. bei der Kommunikation per E-Mail) Sicherheitsl\u00fccken aufweisen kann. Ein l\u00fcckenloser Schutz der Daten vor dem Zugriff durch Dritte ist nicht m\u00f6glich.<br \/>\nDer Nutzung von im Rahmen der Impressumspflicht ver\u00f6ffentlichten Kontaktdaten durch Dritte zur \u00dcbersendung von nicht angeforderter Werbung und Informationsmaterialien wird hiermit widersprochen.<\/p>\n","protected":false},"excerpt":{"rendered":"<p>Impressum Verantwortlich f\u00fcr den Inhalt gem\u00e4\u00df \u00a7 5 TMG Haftung f\u00fcr Inhalte Die Inhalte unserer Seiten wurden mit gr\u00f6\u00dfter Sorgfalt erstellt. F\u00fcr die Richtigkeit, Vollst\u00e4ndigkeit und Aktualit\u00e4t der Inhalte kann ich jedoch keine Gew\u00e4hr \u00fcbernehmen. Fremde \u00fcbermittelte Inhalte, insbesondere Kommentare koennen nicht st\u00e4ndig \u00fcberpr\u00fcft werden. Sofern von rechtswiedrige Inhalten Kenntniss erlangt wird, werden diese Inhalte [&hellip;]<\/p>\n","protected":false},"author":2,"featured_media":0,"parent":0,"menu_order":5,"comment_status":"open","ping_status":"open","template":"","meta":{"footnotes":""},"class_list":["post-404","page","type-page","status-publish","hentry"],"_links":{"self":[{"href":"http:\/\/blog.gafu.de\/index.php?rest_route=\/wp\/v2\/pages\/404","targetHints":{"allow":["GET"]}}],"collection":[{"href":"http:\/\/blog.gafu.de\/index.php?rest_route=\/wp\/v2\/pages"}],"about":[{"href":"http:\/\/blog.gafu.de\/index.php?rest_route=\/wp\/v2\/types\/page"}],"author":[{"embeddable":true,"href":"http:\/\/blog.gafu.de\/index.php?rest_route=\/wp\/v2\/users\/2"}],"replies":[{"embeddable":true,"href":"http:\/\/blog.gafu.de\/index.php?rest_route=%2Fwp%2Fv2%2Fcomments&post=404"}],"version-history":[{"count":1,"href":"http:\/\/blog.gafu.de\/index.php?rest_route=\/wp\/v2\/pages\/404\/revisions"}],"predecessor-version":[{"id":405,"href":"http:\/\/blog.gafu.de\/index.php?rest_route=\/wp\/v2\/pages\/404\/revisions\/405"}],"wp:attachment":[{"href":"http:\/\/blog.gafu.de\/index.php?rest_route=%2Fwp%2Fv2%2Fmedia&parent=404"}],"curies":[{"name":"wp","href":"https:\/\/api.w.org\/{rel}","templated":true}]}}